{"id":260,"date":"2025-12-12T02:25:05","date_gmt":"2025-12-11T23:25:05","guid":{"rendered":"https:\/\/tacpackambalaj.com\/?page_id=260"},"modified":"2025-12-12T03:27:46","modified_gmt":"2025-12-12T00:27:46","slug":"karton-kosebent","status":"publish","type":"page","link":"https:\/\/tacpackambalaj.com\/index.php\/karton-kosebent\/","title":{"rendered":"KARTON K\u00d6\u015eEBENT"},"content":{"rendered":"\n<p>Karton k\u00f6\u015febentler, paletlenmi\u015f ya da kutulanm\u0131\u015f \u00fcr\u00fcnlerin kenar ve k\u00f6\u015fe b\u00f6lgelerini darbe ve bask\u0131ya kar\u015f\u0131 korumak i\u00e7in tasarlanan dayan\u0131kl\u0131 ambalaj elemanlar\u0131d\u0131r. \u00dcr\u00fcn\u00fcn \u015fekline ve a\u011f\u0131rl\u0131\u011f\u0131na g\u00f6re farkl\u0131 kal\u0131nl\u0131k, boy ve \u00f6l\u00e7\u00fc se\u00e7enekleriyle \u00fcretilebilir.<br>Y\u00fcklerin ta\u015f\u0131nma veya depolama s\u0131ras\u0131nda da\u011f\u0131lmas\u0131n\u0131 \u00f6nleyerek stabil bir yap\u0131 olu\u015fturur. Bobin \u00fcr\u00fcnlerinde kenar koruma ama\u00e7l\u0131, kutu ta\u015f\u0131ma i\u015flemlerinde takviye eleman\u0131 olarak veya palet etraf\u0131nda \u00e7emberleme yap\u0131lan t\u00fcm sekt\u00f6rlerde g\u00fcvenli kullan\u0131m sa\u011flar.<br>Neme dayan\u0131kl\u0131 kaplama se\u00e7enekleri sayesinde zorlu depolama ko\u015fullar\u0131nda bile formunu korur ve uzun s\u00fcreli kullan\u0131m sunar.<\/p>\n","protected":false},"excerpt":{"rendered":"<p>Karton k\u00f6\u015febentler, paletlenmi\u015f ya da kutulanm\u0131\u015f \u00fcr\u00fcnlerin kenar ve k\u00f6\u015fe b\u00f6lgelerini darbe ve bask\u0131ya kar\u015f\u0131 korumak i\u00e7in tasarlanan dayan\u0131kl\u0131 ambalaj elemanlar\u0131d\u0131r. \u00dcr\u00fcn\u00fcn \u015fekline ve a\u011f\u0131rl\u0131\u011f\u0131na g\u00f6re farkl\u0131 kal\u0131nl\u0131k, boy ve \u00f6l\u00e7\u00fc se\u00e7enekleriyle \u00fcretilebilir.Y\u00fcklerin ta\u015f\u0131nma veya depolama s\u0131ras\u0131nda da\u011f\u0131lmas\u0131n\u0131 \u00f6nleyerek stabil bir yap\u0131 olu\u015fturur. Bobin \u00fcr\u00fcnlerinde kenar koruma ama\u00e7l\u0131, kutu ta\u015f\u0131ma i\u015flemlerinde takviye eleman\u0131 olarak veya [&hellip;]<\/p>\n","protected":false},"author":1,"featured_media":0,"parent":0,"menu_order":0,"comment_status":"closed","ping_status":"closed","template":"","meta":{"om_disable_all_campaigns":false,"_monsterinsights_skip_tracking":false,"_monsterinsights_sitenote_active":false,"_monsterinsights_sitenote_note":"","_monsterinsights_sitenote_category":0,"footnotes":""},"class_list":["post-260","page","type-page","status-publish","hentry"],"aioseo_notices":[],"_links":{"self":[{"href":"https:\/\/tacpackambalaj.com\/index.php\/wp-json\/wp\/v2\/pages\/260","targetHints":{"allow":["GET"]}}],"collection":[{"href":"https:\/\/tacpackambalaj.com\/index.php\/wp-json\/wp\/v2\/pages"}],"about":[{"href":"https:\/\/tacpackambalaj.com\/index.php\/wp-json\/wp\/v2\/types\/page"}],"author":[{"embeddable":true,"href":"https:\/\/tacpackambalaj.com\/index.php\/wp-json\/wp\/v2\/users\/1"}],"replies":[{"embeddable":true,"href":"https:\/\/tacpackambalaj.com\/index.php\/wp-json\/wp\/v2\/comments?post=260"}],"version-history":[{"count":2,"href":"https:\/\/tacpackambalaj.com\/index.php\/wp-json\/wp\/v2\/pages\/260\/revisions"}],"predecessor-version":[{"id":372,"href":"https:\/\/tacpackambalaj.com\/index.php\/wp-json\/wp\/v2\/pages\/260\/revisions\/372"}],"wp:attachment":[{"href":"https:\/\/tacpackambalaj.com\/index.php\/wp-json\/wp\/v2\/media?parent=260"}],"curies":[{"name":"wp","href":"https:\/\/api.w.org\/{rel}","templated":true}]}}