{"id":265,"date":"2025-12-12T02:25:05","date_gmt":"2025-12-11T23:25:05","guid":{"rendered":"https:\/\/tacpackambalaj.com\/?page_id=265"},"modified":"2025-12-12T03:35:05","modified_gmt":"2025-12-12T00:35:05","slug":"ozel-kesim-kutular","status":"publish","type":"page","link":"https:\/\/tacpackambalaj.com\/index.php\/ozel-kesim-kutular\/","title":{"rendered":"\u00d6ZEL KES\u0130M KUTULAR"},"content":{"rendered":"\n<p>\u00d6zel kesim kutular, marka kimli\u011fini \u00f6n plana \u00e7\u0131karan, tamamen ihtiyaca \u00f6zel tasarlanan ambalaj \u00e7\u00f6z\u00fcmleridir. \u00dcr\u00fcn \u00f6l\u00e7\u00fcleri, kullan\u0131m alan\u0131 ve sunum \u015fekline g\u00f6re \u00e7ok farkl\u0131 kesim teknikleri ve dalga yap\u0131lar\u0131 kullan\u0131labilir.<br>Bu kutular yaln\u0131zca ta\u015f\u0131ma esnas\u0131nda koruma sa\u011flamakla kalmaz; \u00fcr\u00fcn\u00fcn sat\u0131\u015f noktas\u0131nda daha estetik, profesyonel ve dikkat \u00e7ekici g\u00f6r\u00fcnmesine de katk\u0131 sa\u011flar.<br>E-ticaret, promosyon, perakende ve pratik sunum gerektiren t\u00fcm sekt\u00f6rler i\u00e7in \u00f6zelle\u015ftirilebilir.<\/p>\n","protected":false},"excerpt":{"rendered":"<p>\u00d6zel kesim kutular, marka kimli\u011fini \u00f6n plana \u00e7\u0131karan, tamamen ihtiyaca \u00f6zel tasarlanan ambalaj \u00e7\u00f6z\u00fcmleridir. \u00dcr\u00fcn \u00f6l\u00e7\u00fcleri, kullan\u0131m alan\u0131 ve sunum \u015fekline g\u00f6re \u00e7ok farkl\u0131 kesim teknikleri ve dalga yap\u0131lar\u0131 kullan\u0131labilir.Bu kutular yaln\u0131zca ta\u015f\u0131ma esnas\u0131nda koruma sa\u011flamakla kalmaz; \u00fcr\u00fcn\u00fcn sat\u0131\u015f noktas\u0131nda daha estetik, profesyonel ve dikkat \u00e7ekici g\u00f6r\u00fcnmesine de katk\u0131 sa\u011flar.E-ticaret, promosyon, perakende ve pratik sunum [&hellip;]<\/p>\n","protected":false},"author":1,"featured_media":0,"parent":0,"menu_order":0,"comment_status":"closed","ping_status":"closed","template":"","meta":{"om_disable_all_campaigns":false,"_monsterinsights_skip_tracking":false,"_monsterinsights_sitenote_active":false,"_monsterinsights_sitenote_note":"","_monsterinsights_sitenote_category":0,"footnotes":""},"class_list":["post-265","page","type-page","status-publish","hentry"],"aioseo_notices":[],"_links":{"self":[{"href":"https:\/\/tacpackambalaj.com\/index.php\/wp-json\/wp\/v2\/pages\/265","targetHints":{"allow":["GET"]}}],"collection":[{"href":"https:\/\/tacpackambalaj.com\/index.php\/wp-json\/wp\/v2\/pages"}],"about":[{"href":"https:\/\/tacpackambalaj.com\/index.php\/wp-json\/wp\/v2\/types\/page"}],"author":[{"embeddable":true,"href":"https:\/\/tacpackambalaj.com\/index.php\/wp-json\/wp\/v2\/users\/1"}],"replies":[{"embeddable":true,"href":"https:\/\/tacpackambalaj.com\/index.php\/wp-json\/wp\/v2\/comments?post=265"}],"version-history":[{"count":2,"href":"https:\/\/tacpackambalaj.com\/index.php\/wp-json\/wp\/v2\/pages\/265\/revisions"}],"predecessor-version":[{"id":380,"href":"https:\/\/tacpackambalaj.com\/index.php\/wp-json\/wp\/v2\/pages\/265\/revisions\/380"}],"wp:attachment":[{"href":"https:\/\/tacpackambalaj.com\/index.php\/wp-json\/wp\/v2\/media?parent=265"}],"curies":[{"name":"wp","href":"https:\/\/api.w.org\/{rel}","templated":true}]}}