{"id":270,"date":"2025-12-12T02:25:05","date_gmt":"2025-12-11T23:25:05","guid":{"rendered":"https:\/\/tacpackambalaj.com\/?page_id=270"},"modified":"2025-12-12T03:26:17","modified_gmt":"2025-12-12T00:26:17","slug":"hotmelt-bant","status":"publish","type":"page","link":"https:\/\/tacpackambalaj.com\/index.php\/hotmelt-bant\/","title":{"rendered":"HOTMELT BANT"},"content":{"rendered":"\n<p>Hotmelt bant, y\u00fcksek yap\u0131\u015fma g\u00fcc\u00fc gerektiren paketleme operasyonlar\u0131nda maksimum performans sunan \u00f6zel form\u00fcll\u00fc bir ambalaj band\u0131d\u0131r. Kargo firmalar\u0131, e-ticaret i\u015fletmeleri ve yo\u011fun paketleme yapan \u00fcreticiler taraf\u0131ndan s\u0131k\u00e7a tercih edilir. Sert yap\u0131\u015fma \u00f6zelli\u011fi sayesinde kutular\u0131 h\u0131zl\u0131 ve g\u00fcvenli bir \u015fekilde m\u00fch\u00fcrler. Bask\u0131l\u0131 veya bask\u0131s\u0131z \u00fcretim se\u00e7ene\u011fi, markalar\u0131n kurumsal g\u00f6r\u00fcn\u00fcrl\u00fc\u011f\u00fcn\u00fc destekleyerek paketleme s\u00fcrecini ayn\u0131 zamanda bir tan\u0131t\u0131m arac\u0131na d\u00f6n\u00fc\u015ft\u00fcr\u00fcr. S\u0131cakl\u0131k de\u011fi\u015fimlerine kar\u015f\u0131 dayan\u0131kl\u0131 Hotmelt bant, a\u011f\u0131r y\u00fcke sahip kolilerde bile stabil sonu\u00e7 verir.<\/p>\n\n\n\n<p>Teknik \u00d6zellikler:<br>Boyutlar: 4,5cm X 50mt ~ 1000 mt \/ 4,8cm X 1000mt ~ 800 mt \/ 5cm X 50mt ~ 1000 mt<br>Kal\u0131nl\u0131k: 36\u03bc \/ 38\u03bc \/ 40\u03bc \/ 42\u03bc \/ 45\u03bc \/ 47\u03bc<br>Renk: \u015eeffaf<br>Is\u0131 Dayan\u0131m\u0131: -20\u00b0C &gt; 60\u00b0C<br>G\u00fc\u00e7l\u00fc PP ta\u015f\u0131y\u0131c\u0131 \u2013 Sert yap\u0131\u015fma g\u00fcc\u00fc<\/p>\n","protected":false},"excerpt":{"rendered":"<p>Hotmelt bant, y\u00fcksek yap\u0131\u015fma g\u00fcc\u00fc gerektiren paketleme operasyonlar\u0131nda maksimum performans sunan \u00f6zel form\u00fcll\u00fc bir ambalaj band\u0131d\u0131r. Kargo firmalar\u0131, e-ticaret i\u015fletmeleri ve yo\u011fun paketleme yapan \u00fcreticiler taraf\u0131ndan s\u0131k\u00e7a tercih edilir. Sert yap\u0131\u015fma \u00f6zelli\u011fi sayesinde kutular\u0131 h\u0131zl\u0131 ve g\u00fcvenli bir \u015fekilde m\u00fch\u00fcrler. Bask\u0131l\u0131 veya bask\u0131s\u0131z \u00fcretim se\u00e7ene\u011fi, markalar\u0131n kurumsal g\u00f6r\u00fcn\u00fcrl\u00fc\u011f\u00fcn\u00fc destekleyerek paketleme s\u00fcrecini ayn\u0131 zamanda bir tan\u0131t\u0131m [&hellip;]<\/p>\n","protected":false},"author":1,"featured_media":0,"parent":0,"menu_order":0,"comment_status":"closed","ping_status":"closed","template":"","meta":{"om_disable_all_campaigns":false,"_monsterinsights_skip_tracking":false,"_monsterinsights_sitenote_active":false,"_monsterinsights_sitenote_note":"","_monsterinsights_sitenote_category":0,"footnotes":""},"class_list":["post-270","page","type-page","status-publish","hentry"],"aioseo_notices":[],"_links":{"self":[{"href":"https:\/\/tacpackambalaj.com\/index.php\/wp-json\/wp\/v2\/pages\/270","targetHints":{"allow":["GET"]}}],"collection":[{"href":"https:\/\/tacpackambalaj.com\/index.php\/wp-json\/wp\/v2\/pages"}],"about":[{"href":"https:\/\/tacpackambalaj.com\/index.php\/wp-json\/wp\/v2\/types\/page"}],"author":[{"embeddable":true,"href":"https:\/\/tacpackambalaj.com\/index.php\/wp-json\/wp\/v2\/users\/1"}],"replies":[{"embeddable":true,"href":"https:\/\/tacpackambalaj.com\/index.php\/wp-json\/wp\/v2\/comments?post=270"}],"version-history":[{"count":2,"href":"https:\/\/tacpackambalaj.com\/index.php\/wp-json\/wp\/v2\/pages\/270\/revisions"}],"predecessor-version":[{"id":370,"href":"https:\/\/tacpackambalaj.com\/index.php\/wp-json\/wp\/v2\/pages\/270\/revisions\/370"}],"wp:attachment":[{"href":"https:\/\/tacpackambalaj.com\/index.php\/wp-json\/wp\/v2\/media?parent=270"}],"curies":[{"name":"wp","href":"https:\/\/api.w.org\/{rel}","templated":true}]}}