{"id":278,"date":"2025-12-12T02:25:05","date_gmt":"2025-12-11T23:25:05","guid":{"rendered":"https:\/\/tacpackambalaj.com\/?page_id=278"},"modified":"2025-12-12T03:40:37","modified_gmt":"2025-12-12T00:40:37","slug":"pp-opak-etiket","status":"publish","type":"page","link":"https:\/\/tacpackambalaj.com\/index.php\/pp-opak-etiket\/","title":{"rendered":"PP OPAK ET\u0130KET"},"content":{"rendered":"\n<p>PP opak etiketler, polipropilen bazl\u0131 yap\u0131lar\u0131 sayesinde suya, neme ve y\u0131rt\u0131lmaya kar\u015f\u0131 y\u00fcksek dayan\u0131m sunar. Esnek yap\u0131lar\u0131, p\u00fcr\u00fczl\u00fc y\u00fczeylerde dahi kusursuz yap\u0131\u015fma sa\u011flar. Kozmetik, kimya, temizlik \u00fcr\u00fcnleri, otomotiv par\u00e7alar\u0131 gibi \u00e7evresel fakt\u00f6rlere maruz kalan \u00fcr\u00fcnlerde kullan\u0131l\u0131r. \u00dcr\u00fcn y\u00fczeyine tam uyum g\u00f6stererek deformasyonu \u00f6nler ve bask\u0131 kalitesini uzun s\u00fcre korur. End\u00fcstriyel kullan\u0131m i\u00e7in ideal bir etiket \u00e7\u00f6z\u00fcm\u00fcd\u00fcr.<\/p>\n","protected":false},"excerpt":{"rendered":"<p>PP opak etiketler, polipropilen bazl\u0131 yap\u0131lar\u0131 sayesinde suya, neme ve y\u0131rt\u0131lmaya kar\u015f\u0131 y\u00fcksek dayan\u0131m sunar. Esnek yap\u0131lar\u0131, p\u00fcr\u00fczl\u00fc y\u00fczeylerde dahi kusursuz yap\u0131\u015fma sa\u011flar. Kozmetik, kimya, temizlik \u00fcr\u00fcnleri, otomotiv par\u00e7alar\u0131 gibi \u00e7evresel fakt\u00f6rlere maruz kalan \u00fcr\u00fcnlerde kullan\u0131l\u0131r. \u00dcr\u00fcn y\u00fczeyine tam uyum g\u00f6stererek deformasyonu \u00f6nler ve bask\u0131 kalitesini uzun s\u00fcre korur. End\u00fcstriyel kullan\u0131m i\u00e7in ideal bir etiket [&hellip;]<\/p>\n","protected":false},"author":1,"featured_media":0,"parent":0,"menu_order":0,"comment_status":"closed","ping_status":"closed","template":"","meta":{"om_disable_all_campaigns":false,"_monsterinsights_skip_tracking":false,"_monsterinsights_sitenote_active":false,"_monsterinsights_sitenote_note":"","_monsterinsights_sitenote_category":0,"footnotes":""},"class_list":["post-278","page","type-page","status-publish","hentry"],"aioseo_notices":[],"_links":{"self":[{"href":"https:\/\/tacpackambalaj.com\/index.php\/wp-json\/wp\/v2\/pages\/278","targetHints":{"allow":["GET"]}}],"collection":[{"href":"https:\/\/tacpackambalaj.com\/index.php\/wp-json\/wp\/v2\/pages"}],"about":[{"href":"https:\/\/tacpackambalaj.com\/index.php\/wp-json\/wp\/v2\/types\/page"}],"author":[{"embeddable":true,"href":"https:\/\/tacpackambalaj.com\/index.php\/wp-json\/wp\/v2\/users\/1"}],"replies":[{"embeddable":true,"href":"https:\/\/tacpackambalaj.com\/index.php\/wp-json\/wp\/v2\/comments?post=278"}],"version-history":[{"count":2,"href":"https:\/\/tacpackambalaj.com\/index.php\/wp-json\/wp\/v2\/pages\/278\/revisions"}],"predecessor-version":[{"id":385,"href":"https:\/\/tacpackambalaj.com\/index.php\/wp-json\/wp\/v2\/pages\/278\/revisions\/385"}],"wp:attachment":[{"href":"https:\/\/tacpackambalaj.com\/index.php\/wp-json\/wp\/v2\/media?parent=278"}],"curies":[{"name":"wp","href":"https:\/\/api.w.org\/{rel}","templated":true}]}}