{"id":279,"date":"2025-12-12T02:25:05","date_gmt":"2025-12-11T23:25:05","guid":{"rendered":"https:\/\/tacpackambalaj.com\/?page_id=279"},"modified":"2025-12-12T03:41:23","modified_gmt":"2025-12-12T00:41:23","slug":"pp-termal-etiket","status":"publish","type":"page","link":"https:\/\/tacpackambalaj.com\/index.php\/pp-termal-etiket\/","title":{"rendered":"PP TERMAL ET\u0130KET"},"content":{"rendered":"\n<p>PP termal etiketler, polipropilen malzeme \u00fczerine uygulanm\u0131\u015f termal tabaka ile \u00fcretilir ve ribon gerektirmeden bask\u0131 al\u0131nabilir. Suya tamamen dayan\u0131kl\u0131 yap\u0131s\u0131 sayesinde so\u011fuk zincir lojisti\u011fi, market reyonlar\u0131 ve nemli ortamlarda ba\u015far\u0131yla kullan\u0131l\u0131r. Is\u0131 ve \u0131\u015f\u0131\u011fa duyarl\u0131 yap\u0131s\u0131 kontroll\u00fc kullan\u0131m gerektirse de, pratik bask\u0131 avantaj\u0131 sayesinde h\u0131zl\u0131 operasyonlarda tercih edilir. Hem dayan\u0131kl\u0131l\u0131\u011f\u0131 hem de termal bask\u0131 kolayl\u0131\u011f\u0131n\u0131 bir arada sunan yenilik\u00e7i bir etiket t\u00fcr\u00fcd\u00fcr.<\/p>\n","protected":false},"excerpt":{"rendered":"<p>PP termal etiketler, polipropilen malzeme \u00fczerine uygulanm\u0131\u015f termal tabaka ile \u00fcretilir ve ribon gerektirmeden bask\u0131 al\u0131nabilir. Suya tamamen dayan\u0131kl\u0131 yap\u0131s\u0131 sayesinde so\u011fuk zincir lojisti\u011fi, market reyonlar\u0131 ve nemli ortamlarda ba\u015far\u0131yla kullan\u0131l\u0131r. Is\u0131 ve \u0131\u015f\u0131\u011fa duyarl\u0131 yap\u0131s\u0131 kontroll\u00fc kullan\u0131m gerektirse de, pratik bask\u0131 avantaj\u0131 sayesinde h\u0131zl\u0131 operasyonlarda tercih edilir. Hem dayan\u0131kl\u0131l\u0131\u011f\u0131 hem de termal bask\u0131 kolayl\u0131\u011f\u0131n\u0131 [&hellip;]<\/p>\n","protected":false},"author":1,"featured_media":0,"parent":0,"menu_order":0,"comment_status":"closed","ping_status":"closed","template":"","meta":{"om_disable_all_campaigns":false,"_monsterinsights_skip_tracking":false,"_monsterinsights_sitenote_active":false,"_monsterinsights_sitenote_note":"","_monsterinsights_sitenote_category":0,"footnotes":""},"class_list":["post-279","page","type-page","status-publish","hentry"],"aioseo_notices":[],"_links":{"self":[{"href":"https:\/\/tacpackambalaj.com\/index.php\/wp-json\/wp\/v2\/pages\/279","targetHints":{"allow":["GET"]}}],"collection":[{"href":"https:\/\/tacpackambalaj.com\/index.php\/wp-json\/wp\/v2\/pages"}],"about":[{"href":"https:\/\/tacpackambalaj.com\/index.php\/wp-json\/wp\/v2\/types\/page"}],"author":[{"embeddable":true,"href":"https:\/\/tacpackambalaj.com\/index.php\/wp-json\/wp\/v2\/users\/1"}],"replies":[{"embeddable":true,"href":"https:\/\/tacpackambalaj.com\/index.php\/wp-json\/wp\/v2\/comments?post=279"}],"version-history":[{"count":2,"href":"https:\/\/tacpackambalaj.com\/index.php\/wp-json\/wp\/v2\/pages\/279\/revisions"}],"predecessor-version":[{"id":386,"href":"https:\/\/tacpackambalaj.com\/index.php\/wp-json\/wp\/v2\/pages\/279\/revisions\/386"}],"wp:attachment":[{"href":"https:\/\/tacpackambalaj.com\/index.php\/wp-json\/wp\/v2\/media?parent=279"}],"curies":[{"name":"wp","href":"https:\/\/api.w.org\/{rel}","templated":true}]}}